{"version":"1.0","provider_name":"","provider_url":"https:\/\/neness.pl\/blog","author_name":"Agnieszka Kubiak","author_url":"https:\/\/neness.pl\/blog\/author\/nwalczak\/","title":"Sposoby na pi\u0119kn\u0105 cer\u0119 jesieni\u0105 i zim\u0105 \u2764\ufe0f Neness","type":"rich","width":600,"height":338,"html":"<blockquote class=\"wp-embedded-content\" data-secret=\"FPrzQT7zfO\"><a href=\"https:\/\/neness.pl\/blog\/sposoby-na-piekna-cere-jesienia-i-zima\/\">Sposoby na pi\u0119kn\u0105 cer\u0119 jesieni\u0105 i zim\u0105<\/a><\/blockquote><iframe sandbox=\"allow-scripts\" security=\"restricted\" src=\"https:\/\/neness.pl\/blog\/sposoby-na-piekna-cere-jesienia-i-zima\/embed\/#?secret=FPrzQT7zfO\" width=\"600\" height=\"338\" title=\"&#8222;Sposoby na pi\u0119kn\u0105 cer\u0119 jesieni\u0105 i zim\u0105&#8221; &#8212; \" data-secret=\"FPrzQT7zfO\" frameborder=\"0\" marginwidth=\"0\" marginheight=\"0\" scrolling=\"no\" class=\"wp-embedded-content\"><\/iframe><script type=\"text\/javascript\">\n\/* <![CDATA[ *\/\n\/*! This file is auto-generated *\/\n!function(d,l){\"use strict\";l.querySelector&&d.addEventListener&&\"undefined\"!=typeof URL&&(d.wp=d.wp||{},d.wp.receiveEmbedMessage||(d.wp.receiveEmbedMessage=function(e){var t=e.data;if((t||t.secret||t.message||t.value)&&!\/[^a-zA-Z0-9]\/.test(t.secret)){for(var s,r,n,a=l.querySelectorAll('iframe[data-secret=\"'+t.secret+'\"]'),o=l.querySelectorAll('blockquote[data-secret=\"'+t.secret+'\"]'),c=new RegExp(\"^https?:$\",\"i\"),i=0;i<o.length;i++)o[i].style.display=\"none\";for(i=0;i<a.length;i++)s=a[i],e.source===s.contentWindow&&(s.removeAttribute(\"style\"),\"height\"===t.message?(1e3<(r=parseInt(t.value,10))?r=1e3:~~r<200&&(r=200),s.height=r):\"link\"===t.message&&(r=new URL(s.getAttribute(\"src\")),n=new URL(t.value),c.test(n.protocol))&&n.host===r.host&&l.activeElement===s&&(d.top.location.href=t.value))}},d.addEventListener(\"message\",d.wp.receiveEmbedMessage,!1),l.addEventListener(\"DOMContentLoaded\",function(){for(var e,t,s=l.querySelectorAll(\"iframe.wp-embedded-content\"),r=0;r<s.length;r++)(t=(e=s[r]).getAttribute(\"data-secret\"))||(t=Math.random().toString(36).substring(2,12),e.src+=\"#?secret=\"+t,e.setAttribute(\"data-secret\",t)),e.contentWindow.postMessage({message:\"ready\",secret:t},\"*\")},!1)))}(window,document);\n\/\/# sourceURL=https:\/\/neness.pl\/blog\/wp-includes\/js\/wp-embed.min.js\n\/* ]]> *\/\n<\/script>\n","thumbnail_url":"https:\/\/neness.pl\/blog\/wp-content\/uploads\/2019\/11\/AdobeStock_12066087.jpeg","thumbnail_width":1200,"thumbnail_height":800,"description":"Pi\u0119kna cera w okresie jesienno-zimowym? Mo\u017ce wydawa\u0107 si\u0119 to trudne do osi\u0105gni\u0119cia, ale przy odrobinie stara\u0144 jest ca\u0142kowicie mo\u017cliwe. Trzeba jednak pami\u0119ta\u0107, by spos\u00f3b piel\u0119gnacji sk\u00f3ry dostosowa\u0107 do panuj\u0105cej aury &#8211; wtedy nie tylko dostarczymy cerze potrzebnych jej sk\u0142adnik\u00f3w, ale te\u017c nie zaszkodzimy jej przez stosowanie nieodpowiednich kosmetyk\u00f3w."}

Sposoby na piękną cerę jesienią i zimą ❤️ Neness

<blockquote class="wp-embedded-content" data-secret="FPrzQT7zfO"><a href="https://neness.pl/blog/sposoby-na-piekna-cere-jesienia-i-zima/">Sposoby na piękną cerę jesienią i zimą</a></blockquote><iframe sandbox="allow-scripts" security="restricted" src="https://neness.pl/blog/sposoby-na-piekna-cere-jesienia-i-zima/embed/#?secret=FPrzQT7zfO" width="600" height="338" title="&#8222;Sposoby na piękną cerę jesienią i zimą&#8221; &#8212; " data-secret="FPrzQT7zfO" frameborder="0" marginwidth="0" marginheight="0" scrolling="no" class="wp-embedded-content"></iframe><script type="text/javascript">
/* <![CDATA[ */
/*! This file is auto-generated */
!function(d,l){"use strict";l.querySelector&&d.addEventListener&&"undefined"!=typeof URL&&(d.wp=d.wp||{},d.wp.receiveEmbedMessage||(d.wp.receiveEmbedMessage=function(e){var t=e.data;if((t||t.secret||t.message||t.value)&&!/[^a-zA-Z0-9]/.test(t.secret)){for(var s,r,n,a=l.querySelectorAll('iframe[data-secret="'+t.secret+'"]'),o=l.querySelectorAll('blockquote[data-secret="'+t.secret+'"]'),c=new RegExp("^https?:$","i"),i=0;i<o.length;i++)o[i].style.display="none";for(i=0;i<a.length;i++)s=a[i],e.source===s.contentWindow&&(s.removeAttribute("style"),"height"===t.message?(1e3<(r=parseInt(t.value,10))?r=1e3:~~r<200&&(r=200),s.height=r):"link"===t.message&&(r=new URL(s.getAttribute("src")),n=new URL(t.value),c.test(n.protocol))&&n.host===r.host&&l.activeElement===s&&(d.top.location.href=t.value))}},d.addEventListener("message",d.wp.receiveEmbedMessage,!1),l.addEventListener("DOMContentLoaded",function(){for(var e,t,s=l.querySelectorAll("iframe.wp-embedded-content"),r=0;r<s.length;r++)(t=(e=s[r]).getAttribute("data-secret"))||(t=Math.random().toString(36).substring(2,12),e.src+="#?secret="+t,e.setAttribute("data-secret",t)),e.contentWindow.postMessage({message:"ready",secret:t},"*")},!1)))}(window,document);
//# sourceURL=https://neness.pl/blog/wp-includes/js/wp-embed.min.js
/* ]]> */
</script>

Piękna cera w okresie jesienno-zimowym? Może wydawać się to trudne do osiągnięcia, ale przy odrobinie starań jest całkowicie możliwe. Trzeba jednak pamiętać, by sposób pielęgnacji skóry dostosować do panującej aury &#8211; wtedy nie tylko dostarczymy cerze potrzebnych jej składników, ale też nie zaszkodzimy jej przez stosowanie nieodpowiednich kosmetyków.
