{"version":"1.0","provider_name":"","provider_url":"https:\/\/neness.pl\/blog","author_name":"Agnieszka Kubiak","author_url":"https:\/\/neness.pl\/blog\/author\/nwalczak\/","title":"Rada eksperta: jak nak\u0142ada\u0107 maseczk\u0119 na twarz? \u2764\ufe0f Neness","type":"rich","width":600,"height":338,"html":"<blockquote class=\"wp-embedded-content\" data-secret=\"VJIfMIPMJr\"><a href=\"https:\/\/neness.pl\/blog\/rada-eksperta-jak-nakladac-maseczke-na-twarz\/\">Rada eksperta: jak nak\u0142ada\u0107 maseczk\u0119 na twarz?<\/a><\/blockquote><iframe sandbox=\"allow-scripts\" security=\"restricted\" src=\"https:\/\/neness.pl\/blog\/rada-eksperta-jak-nakladac-maseczke-na-twarz\/embed\/#?secret=VJIfMIPMJr\" width=\"600\" height=\"338\" title=\"&#8222;Rada eksperta: jak nak\u0142ada\u0107 maseczk\u0119 na twarz?&#8221; &#8212; \" data-secret=\"VJIfMIPMJr\" frameborder=\"0\" marginwidth=\"0\" marginheight=\"0\" scrolling=\"no\" class=\"wp-embedded-content\"><\/iframe><script type=\"text\/javascript\">\n\/* <![CDATA[ *\/\n\/*! This file is auto-generated *\/\n!function(d,l){\"use strict\";l.querySelector&&d.addEventListener&&\"undefined\"!=typeof URL&&(d.wp=d.wp||{},d.wp.receiveEmbedMessage||(d.wp.receiveEmbedMessage=function(e){var t=e.data;if((t||t.secret||t.message||t.value)&&!\/[^a-zA-Z0-9]\/.test(t.secret)){for(var s,r,n,a=l.querySelectorAll('iframe[data-secret=\"'+t.secret+'\"]'),o=l.querySelectorAll('blockquote[data-secret=\"'+t.secret+'\"]'),c=new RegExp(\"^https?:$\",\"i\"),i=0;i<o.length;i++)o[i].style.display=\"none\";for(i=0;i<a.length;i++)s=a[i],e.source===s.contentWindow&&(s.removeAttribute(\"style\"),\"height\"===t.message?(1e3<(r=parseInt(t.value,10))?r=1e3:~~r<200&&(r=200),s.height=r):\"link\"===t.message&&(r=new URL(s.getAttribute(\"src\")),n=new URL(t.value),c.test(n.protocol))&&n.host===r.host&&l.activeElement===s&&(d.top.location.href=t.value))}},d.addEventListener(\"message\",d.wp.receiveEmbedMessage,!1),l.addEventListener(\"DOMContentLoaded\",function(){for(var e,t,s=l.querySelectorAll(\"iframe.wp-embedded-content\"),r=0;r<s.length;r++)(t=(e=s[r]).getAttribute(\"data-secret\"))||(t=Math.random().toString(36).substring(2,12),e.src+=\"#?secret=\"+t,e.setAttribute(\"data-secret\",t)),e.contentWindow.postMessage({message:\"ready\",secret:t},\"*\")},!1)))}(window,document);\n\/\/# sourceURL=https:\/\/neness.pl\/blog\/wp-includes\/js\/wp-embed.min.js\n\/* ]]> *\/\n<\/script>\n","thumbnail_url":"https:\/\/neness.pl\/blog\/wp-content\/uploads\/2021\/09\/thumb_31.jpeg","thumbnail_width":815,"thumbnail_height":459,"description":"Odpowiednia piel\u0119gnacja twarzy to podstawa, by m\u00f3c cieszy\u0107 si\u0119 zdrow\u0105 i pe\u0142n\u0105 blasku cer\u0105 ka\u017cdego dnia. Jednak wiele kobiet decyduje si\u0119 na stosowanie nie do\u015b\u0107 uwa\u017cnie dobranych kosmetyk\u00f3w. Kupujemy to, co jest modne i to, co widzimy w reklamach, nie zwracaj\u0105c uwagi na przeznaczenie tych produkt\u00f3w. To du\u017cy b\u0142\u0105d, gdy\u017c ka\u017cda z nas ma inny [&hellip;]"}

Rada eksperta: jak nakładać maseczkę na twarz? ❤️ Neness

<blockquote class="wp-embedded-content" data-secret="VJIfMIPMJr"><a href="https://neness.pl/blog/rada-eksperta-jak-nakladac-maseczke-na-twarz/">Rada eksperta: jak nakładać maseczkę na twarz?</a></blockquote><iframe sandbox="allow-scripts" security="restricted" src="https://neness.pl/blog/rada-eksperta-jak-nakladac-maseczke-na-twarz/embed/#?secret=VJIfMIPMJr" width="600" height="338" title="&#8222;Rada eksperta: jak nakładać maseczkę na twarz?&#8221; &#8212; " data-secret="VJIfMIPMJr" frameborder="0" marginwidth="0" marginheight="0" scrolling="no" class="wp-embedded-content"></iframe><script type="text/javascript">
/* <![CDATA[ */
/*! This file is auto-generated */
!function(d,l){"use strict";l.querySelector&&d.addEventListener&&"undefined"!=typeof URL&&(d.wp=d.wp||{},d.wp.receiveEmbedMessage||(d.wp.receiveEmbedMessage=function(e){var t=e.data;if((t||t.secret||t.message||t.value)&&!/[^a-zA-Z0-9]/.test(t.secret)){for(var s,r,n,a=l.querySelectorAll('iframe[data-secret="'+t.secret+'"]'),o=l.querySelectorAll('blockquote[data-secret="'+t.secret+'"]'),c=new RegExp("^https?:$","i"),i=0;i<o.length;i++)o[i].style.display="none";for(i=0;i<a.length;i++)s=a[i],e.source===s.contentWindow&&(s.removeAttribute("style"),"height"===t.message?(1e3<(r=parseInt(t.value,10))?r=1e3:~~r<200&&(r=200),s.height=r):"link"===t.message&&(r=new URL(s.getAttribute("src")),n=new URL(t.value),c.test(n.protocol))&&n.host===r.host&&l.activeElement===s&&(d.top.location.href=t.value))}},d.addEventListener("message",d.wp.receiveEmbedMessage,!1),l.addEventListener("DOMContentLoaded",function(){for(var e,t,s=l.querySelectorAll("iframe.wp-embedded-content"),r=0;r<s.length;r++)(t=(e=s[r]).getAttribute("data-secret"))||(t=Math.random().toString(36).substring(2,12),e.src+="#?secret="+t,e.setAttribute("data-secret",t)),e.contentWindow.postMessage({message:"ready",secret:t},"*")},!1)))}(window,document);
//# sourceURL=https://neness.pl/blog/wp-includes/js/wp-embed.min.js
/* ]]> */
</script>

Odpowiednia pielęgnacja twarzy to podstawa, by móc cieszyć się zdrową i pełną blasku cerą każdego dnia. Jednak wiele kobiet decyduje się na stosowanie nie dość uważnie dobranych kosmetyków. Kupujemy to, co jest modne i to, co widzimy w reklamach, nie zwracając uwagi na przeznaczenie tych produktów. To duży błąd, gdyż każda z nas ma inny [&hellip;]
