{"version":"1.0","provider_name":"","provider_url":"https:\/\/neness.pl\/blog","author_name":"Agnieszka Kubiak","author_url":"https:\/\/neness.pl\/blog\/author\/nwalczak\/","title":"Najmodniejsze odcienie w\u0142os\u00f3w na lato 2018 \u2764\ufe0f Neness","type":"rich","width":600,"height":338,"html":"<blockquote class=\"wp-embedded-content\" data-secret=\"1z88qeAX62\"><a href=\"https:\/\/neness.pl\/blog\/najmodniejsze-odcienie-wlosow-na-lato-2018\/\">Najmodniejsze odcienie w\u0142os\u00f3w na lato 2018<\/a><\/blockquote><iframe sandbox=\"allow-scripts\" security=\"restricted\" src=\"https:\/\/neness.pl\/blog\/najmodniejsze-odcienie-wlosow-na-lato-2018\/embed\/#?secret=1z88qeAX62\" width=\"600\" height=\"338\" title=\"&#8222;Najmodniejsze odcienie w\u0142os\u00f3w na lato 2018&#8221; &#8212; \" data-secret=\"1z88qeAX62\" frameborder=\"0\" marginwidth=\"0\" marginheight=\"0\" scrolling=\"no\" class=\"wp-embedded-content\"><\/iframe><script type=\"text\/javascript\">\n\/* <![CDATA[ *\/\n\/*! This file is auto-generated *\/\n!function(d,l){\"use strict\";l.querySelector&&d.addEventListener&&\"undefined\"!=typeof URL&&(d.wp=d.wp||{},d.wp.receiveEmbedMessage||(d.wp.receiveEmbedMessage=function(e){var t=e.data;if((t||t.secret||t.message||t.value)&&!\/[^a-zA-Z0-9]\/.test(t.secret)){for(var s,r,n,a=l.querySelectorAll('iframe[data-secret=\"'+t.secret+'\"]'),o=l.querySelectorAll('blockquote[data-secret=\"'+t.secret+'\"]'),c=new RegExp(\"^https?:$\",\"i\"),i=0;i<o.length;i++)o[i].style.display=\"none\";for(i=0;i<a.length;i++)s=a[i],e.source===s.contentWindow&&(s.removeAttribute(\"style\"),\"height\"===t.message?(1e3<(r=parseInt(t.value,10))?r=1e3:~~r<200&&(r=200),s.height=r):\"link\"===t.message&&(r=new URL(s.getAttribute(\"src\")),n=new URL(t.value),c.test(n.protocol))&&n.host===r.host&&l.activeElement===s&&(d.top.location.href=t.value))}},d.addEventListener(\"message\",d.wp.receiveEmbedMessage,!1),l.addEventListener(\"DOMContentLoaded\",function(){for(var e,t,s=l.querySelectorAll(\"iframe.wp-embedded-content\"),r=0;r<s.length;r++)(t=(e=s[r]).getAttribute(\"data-secret\"))||(t=Math.random().toString(36).substring(2,12),e.src+=\"#?secret=\"+t,e.setAttribute(\"data-secret\",t)),e.contentWindow.postMessage({message:\"ready\",secret:t},\"*\")},!1)))}(window,document);\n\/\/# sourceURL=https:\/\/neness.pl\/blog\/wp-includes\/js\/wp-embed.min.js\n\/* ]]> *\/\n<\/script>\n","thumbnail_url":"https:\/\/neness.pl\/blog\/wp-content\/uploads\/2018\/05\/Fotolia_176629921_Subscription_XXL.jpg","thumbnail_width":1000,"thumbnail_height":632,"description":"Zmiana pogody za oknem sprawia, \u017ce wiele z nas ma ochot\u0119 zmieni\u0107 co\u015b w swoim wizerunku. A przecie\u017c najprostszym sposobem na zmian\u0119 wygl\u0105du jest\u2026 nowa fryzura! Opr\u00f3cz skr\u00f3cenia w\u0142os\u00f3w, najcz\u0119\u015bciej decydujemy si\u0119 tak\u017ce na zmian\u0119 koloru. Jakie odcienie b\u0119d\u0105 kr\u00f3lowa\u0107 latem 2018? Je\u015bli szukacie inspiracji, zach\u0119camy do przeczytania naszego artyku\u0142u! . Modne blondy Blond to [&hellip;]"}

Najmodniejsze odcienie włosów na lato 2018 ❤️ Neness

<blockquote class="wp-embedded-content" data-secret="1z88qeAX62"><a href="https://neness.pl/blog/najmodniejsze-odcienie-wlosow-na-lato-2018/">Najmodniejsze odcienie włosów na lato 2018</a></blockquote><iframe sandbox="allow-scripts" security="restricted" src="https://neness.pl/blog/najmodniejsze-odcienie-wlosow-na-lato-2018/embed/#?secret=1z88qeAX62" width="600" height="338" title="&#8222;Najmodniejsze odcienie włosów na lato 2018&#8221; &#8212; " data-secret="1z88qeAX62" frameborder="0" marginwidth="0" marginheight="0" scrolling="no" class="wp-embedded-content"></iframe><script type="text/javascript">
/* <![CDATA[ */
/*! This file is auto-generated */
!function(d,l){"use strict";l.querySelector&&d.addEventListener&&"undefined"!=typeof URL&&(d.wp=d.wp||{},d.wp.receiveEmbedMessage||(d.wp.receiveEmbedMessage=function(e){var t=e.data;if((t||t.secret||t.message||t.value)&&!/[^a-zA-Z0-9]/.test(t.secret)){for(var s,r,n,a=l.querySelectorAll('iframe[data-secret="'+t.secret+'"]'),o=l.querySelectorAll('blockquote[data-secret="'+t.secret+'"]'),c=new RegExp("^https?:$","i"),i=0;i<o.length;i++)o[i].style.display="none";for(i=0;i<a.length;i++)s=a[i],e.source===s.contentWindow&&(s.removeAttribute("style"),"height"===t.message?(1e3<(r=parseInt(t.value,10))?r=1e3:~~r<200&&(r=200),s.height=r):"link"===t.message&&(r=new URL(s.getAttribute("src")),n=new URL(t.value),c.test(n.protocol))&&n.host===r.host&&l.activeElement===s&&(d.top.location.href=t.value))}},d.addEventListener("message",d.wp.receiveEmbedMessage,!1),l.addEventListener("DOMContentLoaded",function(){for(var e,t,s=l.querySelectorAll("iframe.wp-embedded-content"),r=0;r<s.length;r++)(t=(e=s[r]).getAttribute("data-secret"))||(t=Math.random().toString(36).substring(2,12),e.src+="#?secret="+t,e.setAttribute("data-secret",t)),e.contentWindow.postMessage({message:"ready",secret:t},"*")},!1)))}(window,document);
//# sourceURL=https://neness.pl/blog/wp-includes/js/wp-embed.min.js
/* ]]> */
</script>

Zmiana pogody za oknem sprawia, że wiele z nas ma ochotę zmienić coś w swoim wizerunku. A przecież najprostszym sposobem na zmianę wyglądu jest… nowa fryzura! Oprócz skrócenia włosów, najczęściej decydujemy się także na zmianę koloru. Jakie odcienie będą królować latem 2018? Jeśli szukacie inspiracji, zachęcamy do przeczytania naszego artykułu! . Modne blondy Blond to [&hellip;]
