{"version":"1.0","provider_name":"","provider_url":"https:\/\/neness.pl\/blog","author_name":"Agnieszka Kubiak","author_url":"https:\/\/neness.pl\/blog\/author\/nwalczak\/","title":"Dlaczego filtr UV jest potrzebny nie tylko latem? \u2764\ufe0f Neness","type":"rich","width":600,"height":338,"html":"<blockquote class=\"wp-embedded-content\" data-secret=\"GpW3CgBFJ9\"><a href=\"https:\/\/neness.pl\/blog\/dlaczego-filtr-uv-jest-potrzebny-nie-tylko-latem\/\">Dlaczego filtr UV jest potrzebny nie tylko latem?<\/a><\/blockquote><iframe sandbox=\"allow-scripts\" security=\"restricted\" src=\"https:\/\/neness.pl\/blog\/dlaczego-filtr-uv-jest-potrzebny-nie-tylko-latem\/embed\/#?secret=GpW3CgBFJ9\" width=\"600\" height=\"338\" title=\"&#8222;Dlaczego filtr UV jest potrzebny nie tylko latem?&#8221; &#8212; \" data-secret=\"GpW3CgBFJ9\" frameborder=\"0\" marginwidth=\"0\" marginheight=\"0\" scrolling=\"no\" class=\"wp-embedded-content\"><\/iframe><script type=\"text\/javascript\">\n\/* <![CDATA[ *\/\n\/*! This file is auto-generated *\/\n!function(d,l){\"use strict\";l.querySelector&&d.addEventListener&&\"undefined\"!=typeof URL&&(d.wp=d.wp||{},d.wp.receiveEmbedMessage||(d.wp.receiveEmbedMessage=function(e){var t=e.data;if((t||t.secret||t.message||t.value)&&!\/[^a-zA-Z0-9]\/.test(t.secret)){for(var s,r,n,a=l.querySelectorAll('iframe[data-secret=\"'+t.secret+'\"]'),o=l.querySelectorAll('blockquote[data-secret=\"'+t.secret+'\"]'),c=new RegExp(\"^https?:$\",\"i\"),i=0;i<o.length;i++)o[i].style.display=\"none\";for(i=0;i<a.length;i++)s=a[i],e.source===s.contentWindow&&(s.removeAttribute(\"style\"),\"height\"===t.message?(1e3<(r=parseInt(t.value,10))?r=1e3:~~r<200&&(r=200),s.height=r):\"link\"===t.message&&(r=new URL(s.getAttribute(\"src\")),n=new URL(t.value),c.test(n.protocol))&&n.host===r.host&&l.activeElement===s&&(d.top.location.href=t.value))}},d.addEventListener(\"message\",d.wp.receiveEmbedMessage,!1),l.addEventListener(\"DOMContentLoaded\",function(){for(var e,t,s=l.querySelectorAll(\"iframe.wp-embedded-content\"),r=0;r<s.length;r++)(t=(e=s[r]).getAttribute(\"data-secret\"))||(t=Math.random().toString(36).substring(2,12),e.src+=\"#?secret=\"+t,e.setAttribute(\"data-secret\",t)),e.contentWindow.postMessage({message:\"ready\",secret:t},\"*\")},!1)))}(window,document);\n\/\/# sourceURL=https:\/\/neness.pl\/blog\/wp-includes\/js\/wp-embed.min.js\n\/* ]]> *\/\n<\/script>\n","thumbnail_url":"https:\/\/neness.pl\/blog\/wp-content\/uploads\/2020\/03\/AdobeStock_249954394-scaled.jpeg","thumbnail_width":2560,"thumbnail_height":1707,"description":"Preparaty kosmetyczne zawieraj\u0105ce tzw. filtry UV s\u0105 niekwestionowanymi hitami sprzeda\u017cowymi w sezonie wakacyjnym. Co zyskasz, je\u015bli b\u0119dziesz stosowa\u0107 tego typu produkty tak\u017ce podczas pozosta\u0142ych p\u00f3r roku?\u00a0 Wp\u0142yw promieniowania UV na sk\u00f3r\u0119 (nie tylko latem)\u00a0 Promieniowanie ultrafioletowe przez ca\u0142y rok wp\u0142ywa na wygl\u0105d i kondycj\u0119 sk\u00f3ry. W wyniku nadmiernej ekspozycji na promieniowanie UV wywo\u0142ywane s\u0105 takie [&hellip;]"}

Preparaty kosmetyczne zawierające tzw. filtry UV są niekwestionowanymi hitami sprzedażowymi w sezonie wakacyjnym. Co zyskasz, jeśli będziesz stosować tego typu produkty także podczas pozostałych pór roku?  Wpływ promieniowania UV na skórę (nie tylko latem)  Promieniowanie ultrafioletowe przez cały rok wpływa na wygląd i kondycję skóry. W wyniku nadmiernej ekspozycji na promieniowanie UV wywoływane są takie [&hellip;]
